{"id":792,"date":"2023-01-28T11:05:35","date_gmt":"2023-01-28T10:05:35","guid":{"rendered":"https:\/\/apel-notredamedenazareth.fr\/?page_id=792"},"modified":"2023-11-23T18:39:47","modified_gmt":"2023-11-23T17:39:47","slug":"lassociation","status":"publish","type":"page","link":"https:\/\/apel-notredamedenazareth.fr\/?page_id=792","title":{"rendered":"L&rsquo;association"},"content":{"rendered":"\n<p>Notre Association de Parents d\u2019El\u00e8ves de l\u2019enseignement Libre se veut un lien entre les familles et l\u2019\u00e9quipe enseignante. L\u2019APEL intervient dans diff\u00e9rents domaines : information et repr\u00e9sentation des familles, entraide, animations (march\u00e9 de No\u00ebl, kermesse\u2026). Par les diff\u00e9rentes animations men\u00e9es qui nous permettent de r\u00e9colter de l\u2019argent, nous participons au financement&nbsp; de projets pour les \u00e9l\u00e8ves, d\u2019achats de mat\u00e9riel\u2026 (l\u2019ann\u00e9e derni\u00e8re&nbsp;: achats de livres pour la biblioth\u00e8que de l\u2019\u00e9cole, am\u00e9lioration du potager, participation aux sorties scolaires) aide \u00e0 la mise en place ces derni\u00e8res ann\u00e9es de projets comme la piscine, le th\u00e9\u00e2tre ou la danse africaine.<\/p>\n\n\n\n<p>Tous les parents d\u2019\u00e9l\u00e8ves sont membres de l\u2019APEL et nous vous solliciterons ponctuellement durant l\u2019ann\u00e9e afin de mener \u00e0 bien nos diff\u00e9rentes actions. Pour cette ann\u00e9e 2023\/2024 si particuli\u00e8re, une \u00e9quipe de parents s\u2019est engag\u00e9e plus particuli\u00e8rement afin de constituer le conseil d\u2019administration de l\u2019APEL de notre \u00e9cole. Vous trouverez leur nom dans la page \u00bb L\u2019organigramme \u00ab , n\u2019h\u00e9sitez pas \u00e0 prendre contact directement avec eux ou par mail \u00e0 notre adresse contact@apel-notredamedenazareth.fr<\/p>\n\n\n\n<p>L\u2019\u00e9quipe de l\u2019APEL Notre de Dame de Nazareth \u00e0 Le Mesnil Esnard<\/p>\n","protected":false},"excerpt":{"rendered":"<p>Notre Association de Parents d\u2019El\u00e8ves de l\u2019enseignement Libre se veut un lien entre les familles et l\u2019\u00e9quipe enseignante. L\u2019APEL intervient dans diff\u00e9rents domaines : information et repr\u00e9sentation des familles, entraide, animations (march\u00e9 de No\u00ebl, kermesse\u2026). Par les diff\u00e9rentes animations men\u00e9es qui nous permettent de r\u00e9colter de l\u2019argent, nous participons au financement&nbsp; de projets pour les &hellip; <a href=\"https:\/\/apel-notredamedenazareth.fr\/?page_id=792\" class=\"more-link\">Continuer la lecture<span class=\"screen-reader-text\"> de &laquo;&nbsp;L&rsquo;association&nbsp;&raquo;<\/span><\/a><\/p>\n","protected":false},"author":1,"featured_media":0,"parent":0,"menu_order":0,"comment_status":"closed","ping_status":"closed","template":"","meta":{"footnotes":""},"class_list":["post-792","page","type-page","status-publish","hentry"],"jetpack_shortlink":"https:\/\/wp.me\/PbiSXM-cM","jetpack_sharing_enabled":true,"_links":{"self":[{"href":"https:\/\/apel-notredamedenazareth.fr\/index.php?rest_route=\/wp\/v2\/pages\/792","targetHints":{"allow":["GET"]}}],"collection":[{"href":"https:\/\/apel-notredamedenazareth.fr\/index.php?rest_route=\/wp\/v2\/pages"}],"about":[{"href":"https:\/\/apel-notredamedenazareth.fr\/index.php?rest_route=\/wp\/v2\/types\/page"}],"author":[{"embeddable":true,"href":"https:\/\/apel-notredamedenazareth.fr\/index.php?rest_route=\/wp\/v2\/users\/1"}],"replies":[{"embeddable":true,"href":"https:\/\/apel-notredamedenazareth.fr\/index.php?rest_route=%2Fwp%2Fv2%2Fcomments&post=792"}],"version-history":[{"count":3,"href":"https:\/\/apel-notredamedenazareth.fr\/index.php?rest_route=\/wp\/v2\/pages\/792\/revisions"}],"predecessor-version":[{"id":937,"href":"https:\/\/apel-notredamedenazareth.fr\/index.php?rest_route=\/wp\/v2\/pages\/792\/revisions\/937"}],"wp:attachment":[{"href":"https:\/\/apel-notredamedenazareth.fr\/index.php?rest_route=%2Fwp%2Fv2%2Fmedia&parent=792"}],"curies":[{"name":"wp","href":"https:\/\/api.w.org\/{rel}","templated":true}]}}

<p>Notre Association de Parents d’Elèves de l’enseignement Libre se veut un lien entre les familles et l’équipe enseignante. L’APEL intervient dans différents domaines : information et représentation des familles, entraide, animations (marché de Noël, kermesse…). Par les différentes animations menées qui nous permettent de récolter de l’argent, nous participons au financement&nbsp; de projets pour les élèves, d’achats de matériel… (l’année dernière&nbsp;: achats de livres pour la bibliothèque de l’école, amélioration du potager, participation aux sorties scolaires) aide à la mise en place ces dernières années de projets comme la piscine, le théâtre ou la danse africaine.</p>



<p>Tous les parents d’élèves sont membres de l’APEL et nous vous solliciterons ponctuellement durant l’année afin de mener à bien nos différentes actions. Pour cette année 2023/2024 si particulière, une équipe de parents s’est engagée plus particulièrement afin de constituer le conseil d’administration de l’APEL de notre école. Vous trouverez leur nom dans la page » L’organigramme « , n’hésitez pas à prendre contact directement avec eux ou par mail à notre adresse contact@apel-notredamedenazareth.fr</p>



<p>L’équipe de l’APEL Notre de Dame de Nazareth à Le Mesnil Esnard</p>

<p>Notre Association de Parents d’Elèves de l’enseignement Libre se veut un lien entre les familles et l’équipe enseignante. L’APEL intervient dans différents domaines : information et représentation des familles, entraide, animations (marché de Noël, kermesse…). Par les différentes animations menées qui nous permettent de récolter de l’argent, nous participons au financement&nbsp; de projets pour les &hellip; <a href="https://apel-notredamedenazareth.fr/?page_id=792" class="more-link">Continuer la lecture<span class="screen-reader-text"> de &laquo;&nbsp;L&rsquo;association&nbsp;&raquo;</span></a></p>
